{"id":42,"date":"2025-09-03T21:55:05","date_gmt":"2025-09-03T19:55:05","guid":{"rendered":"https:\/\/d.r4.wbsprt.com\/test-hokej-polemika.sk\/?page_id=42"},"modified":"2025-09-03T22:18:58","modified_gmt":"2025-09-03T20:18:58","slug":"o-autoroch","status":"publish","type":"page","link":"https:\/\/www.hokej-polemika.sk\/?page_id=42","title":{"rendered":"O autoroch"},"content":{"rendered":"\n<div class=\"wp-block-group is-vertical is-layout-flex wp-container-core-group-is-layout-fe9cc265 wp-block-group-is-layout-flex\">\n<div class=\"wp-block-columns is-layout-flex wp-container-core-columns-is-layout-28f84493 wp-block-columns-is-layout-flex\">\n<div class=\"wp-block-column is-layout-flow wp-block-column-is-layout-flow\">\n<figure class=\"wp-block-image size-full is-resized\"><img loading=\"lazy\" decoding=\"async\" width=\"304\" height=\"388\" src=\"https:\/\/hokej-polemika.sk\/wp-content\/uploads\/2023\/05\/jg.png\" alt=\"\" class=\"wp-image-43\" style=\"width:434px;height:auto\" srcset=\"https:\/\/www.hokej-polemika.sk\/wp-content\/uploads\/2023\/05\/jg.png 304w, https:\/\/www.hokej-polemika.sk\/wp-content\/uploads\/2023\/05\/jg-235x300.png 235w\" sizes=\"auto, (max-width: 304px) 100vw, 304px\" \/><\/figure>\n<\/div>\n\n\n\n<div class=\"wp-block-column is-layout-flow wp-block-column-is-layout-flow\">\n<h1 class=\"wp-block-heading has-text-color\" style=\"color:#375e6d\"><strong>J\u00e1n GOLIAN<\/strong><\/h1>\n\n\n\n<p class=\"has-text-color has-medium-font-size\" style=\"color:#375e6d\"><br>patr\u00ed do gener\u00e1cie, ktor\u00e1 od roku 1977 a\u017e do roku 1990 formovala v\u00fdvoj metodiky ml\u00e1de\u017en\u00edckeho hokeja na Slovensku a vtedaj\u0161om \u010ceskoslovensku. V spom\u00ednanej \u010dasovej peri\u00f3de pracoval v metodick\u00fdch komisi\u00e1ch obidvoch hokejov\u00fdch zv\u00e4zov, pri\u010dom v rokoch 1986-1990 bol aj \u010dlenom najvy\u0161\u0161\u00edch riadiacich org\u00e1nov, teda Predsedn\u00edctva VSLH \u00daV \u010cSTV v Prahe a P VZ\u013dH \u010cSZTV v Bratislave. Okrem riadiacej pr\u00e1ce z poz\u00edcie predsedu feder\u00e1lnej a slovenskej metodickej komisie aj vedecky pracoval, pri\u010dom bol spolurie\u0161ite\u013eom a hlavn\u00fdm rie\u0161ite\u013eom dvoch \u0161t\u00e1tnych a jednej rezortnej v\u00fdskumnej \u00falohy, zameran\u00fdch na v\u0161eobecn\u00fa a \u0161peci\u00e1lnu pohybov\u00fa v\u00fdkonnos\u0165 mlad\u00fdch hokejistov a ich vz\u0165ahu k hernej v\u00fdkonnosti. S odstupom viac ako 30 rokov a v kontexte s najnov\u0161\u00edmi vedeck\u00fdmi poznatkami dok\u00e1zal vo svojej najnov\u0161ej knihe nielen pouk\u00e1za\u0165 na podmienenos\u0165 hernej v\u00fdkonnosti hokejistov \u00farov\u0148ou rozvoja motorick\u00fdch schopnost\u00ed a technick\u00fdch zru\u010dnost\u00ed, ale v\u00fdrazn\u00fd priestor venoval aj ot\u00e1zkam neurovedy a ich vz\u0165ahu k ment\u00e1lnemu nastaveniu hr\u00e1\u010dov.&nbsp;<\/p>\n<\/div>\n<\/div>\n\n\n\n<div class=\"wp-block-columns is-layout-flex wp-container-core-columns-is-layout-28f84493 wp-block-columns-is-layout-flex\">\n<div class=\"wp-block-column is-layout-flow wp-block-column-is-layout-flow\">\n<h1 class=\"wp-block-heading has-text-color\" style=\"color:#375e6d\"><strong>J\u00e1n Holko<\/strong><\/h1>\n\n\n\n<p class=\"has-text-color has-medium-font-size\" style=\"color:#375e6d\">sa v priebehu svojho \u017eivota vyprofiloval na jedn\u00e9ho z najlep\u0161\u00edch historikov \u013eadov\u00e9ho hokeja a to nielen na slovenskej \u00farovni. V prelomov\u00fdch 90-tych rokoch minul\u00e9ho storo\u010dia, a\u017e do r. 1992 zast\u00e1val funkciu prv\u00e9ho a z\u00e1rove\u0148 posledn\u00e9ho prezidenta SZ\u013dH e\u0161te v r\u00e1mci spolo\u010dn\u00e9ho \u0161t\u00e1tu, ke\u010f tento hokejov\u00fd org\u00e1n aj jeho z\u00e1sluhou z\u00edskal pr\u00e1vnu subjektivitu. V\u010faka tejto jeho aktivite sa slovensk\u00fd hokej so c\u0165ou dok\u00e1zal vysporiada\u0165 s transform\u00e1ciou spolo\u010dnosti, pri\u010dom zabezpe\u010dil vytvorenie vhodn\u00fdch podmienok pre za\u010dlenenie slovensk\u00e9ho hokejov\u00e9ho hnutia do medzin\u00e1rodn\u00fdch \u0161trukt\u00far IIHF, po z\u00edskan\u00ed slovenskej samostatnosti v roku 1993. Samostatne, ako aj v autorskej spolupr\u00e1ci nap\u00edsal viacero publik\u00e1ci\u00ed venovanej hist\u00f3rii slovensk\u00e9ho a \u010deskoslovensk\u00e9ho hokeja, naposledy rozsiahlej knihy venovanej storo\u010dnici najsl\u00e1vnej\u0161ieho slovensk\u00e9ho hokejov\u00e9ho klubu Slovana Bratislava.<\/p>\n<\/div>\n\n\n\n<div class=\"wp-block-column has-global-padding is-content-justification-right is-layout-constrained wp-container-core-column-is-layout-f1f2ed93 wp-block-column-is-layout-constrained\">\n<figure class=\"wp-block-image alignright size-full is-resized\"><img loading=\"lazy\" decoding=\"async\" width=\"304\" height=\"388\" src=\"https:\/\/hokej-polemika.sk\/wp-content\/uploads\/2023\/05\/jh.png\" alt=\"\" class=\"wp-image-44\" style=\"width:366px;height:auto\" srcset=\"https:\/\/www.hokej-polemika.sk\/wp-content\/uploads\/2023\/05\/jh.png 304w, https:\/\/www.hokej-polemika.sk\/wp-content\/uploads\/2023\/05\/jh-235x300.png 235w\" sizes=\"auto, (max-width: 304px) 100vw, 304px\" \/><\/figure>\n<\/div>\n<\/div>\n<\/div>\n","protected":false},"excerpt":{"rendered":"<p>J\u00e1n GOLIAN patr\u00ed do gener\u00e1cie, ktor\u00e1 od roku 1977 a\u017e do roku 1990 formovala v\u00fdvoj metodiky ml\u00e1de\u017en\u00edckeho hokeja na Slovensku a vtedaj\u0161om \u010ceskoslovensku. V spom\u00ednanej \u010dasovej peri\u00f3de pracoval v metodick\u00fdch komisi\u00e1ch obidvoch hokejov\u00fdch zv\u00e4zov, pri\u010dom v rokoch 1986-1990 bol aj \u010dlenom najvy\u0161\u0161\u00edch riadiacich org\u00e1nov, teda Predsedn\u00edctva VSLH \u00daV \u010cSTV v Prahe a P VZ\u013dH \u010cSZTV [&hellip;]<\/p>\n","protected":false},"author":1,"featured_media":0,"parent":0,"menu_order":0,"comment_status":"closed","ping_status":"closed","template":"page-no-title","meta":{"_monsterinsights_skip_tracking":false,"_monsterinsights_sitenote_active":false,"_monsterinsights_sitenote_note":"","_monsterinsights_sitenote_category":0,"footnotes":""},"class_list":["post-42","page","type-page","status-publish","hentry"],"yoast_head":"<!-- This site is optimized with the Yoast SEO plugin v26.7 - https:\/\/yoast.com\/wordpress\/plugins\/seo\/ -->\n<title>O autoroch - Polemika o slovenskom hokeji<\/title>\n<meta name=\"robots\" content=\"index, follow, max-snippet:-1, max-image-preview:large, max-video-preview:-1\" \/>\n<link rel=\"canonical\" href=\"https:\/\/www.hokej-polemika.sk\/?page_id=42\" \/>\n<meta property=\"og:locale\" content=\"sk_SK\" \/>\n<meta property=\"og:type\" content=\"article\" \/>\n<meta property=\"og:title\" content=\"O autoroch - Polemika o slovenskom hokeji\" \/>\n<meta property=\"og:description\" content=\"J\u00e1n GOLIAN patr\u00ed do gener\u00e1cie, ktor\u00e1 od roku 1977 a\u017e do roku 1990 formovala v\u00fdvoj metodiky ml\u00e1de\u017en\u00edckeho hokeja na Slovensku a vtedaj\u0161om \u010ceskoslovensku. V spom\u00ednanej \u010dasovej peri\u00f3de pracoval v metodick\u00fdch komisi\u00e1ch obidvoch hokejov\u00fdch zv\u00e4zov, pri\u010dom v rokoch 1986-1990 bol aj \u010dlenom najvy\u0161\u0161\u00edch riadiacich org\u00e1nov, teda Predsedn\u00edctva VSLH \u00daV \u010cSTV v Prahe a P VZ\u013dH \u010cSZTV [&hellip;]\" \/>\n<meta property=\"og:url\" content=\"https:\/\/www.hokej-polemika.sk\/?page_id=42\" \/>\n<meta property=\"og:site_name\" content=\"Polemika o slovenskom hokeji\" \/>\n<meta property=\"article:modified_time\" content=\"2025-09-03T20:18:58+00:00\" \/>\n<meta property=\"og:image\" content=\"https:\/\/hokej-polemika.sk\/wp-content\/uploads\/2023\/05\/jg.png\" \/>\n<meta name=\"twitter:card\" content=\"summary_large_image\" \/>\n<meta name=\"twitter:label1\" content=\"Predpokladan\u00fd \u010das \u010d\u00edtania\" \/>\n\t<meta name=\"twitter:data1\" content=\"2 min\u00faty\" \/>\n<script type=\"application\/ld+json\" class=\"yoast-schema-graph\">{\"@context\":\"https:\/\/schema.org\",\"@graph\":[{\"@type\":\"WebPage\",\"@id\":\"https:\/\/www.hokej-polemika.sk\/?page_id=42\",\"url\":\"https:\/\/www.hokej-polemika.sk\/?page_id=42\",\"name\":\"O autoroch - Polemika o slovenskom hokeji\",\"isPartOf\":{\"@id\":\"https:\/\/www.hokej-polemika.sk\/#website\"},\"primaryImageOfPage\":{\"@id\":\"https:\/\/www.hokej-polemika.sk\/?page_id=42#primaryimage\"},\"image\":{\"@id\":\"https:\/\/www.hokej-polemika.sk\/?page_id=42#primaryimage\"},\"thumbnailUrl\":\"https:\/\/hokej-polemika.sk\/wp-content\/uploads\/2023\/05\/jg.png\",\"datePublished\":\"2025-09-03T19:55:05+00:00\",\"dateModified\":\"2025-09-03T20:18:58+00:00\",\"breadcrumb\":{\"@id\":\"https:\/\/www.hokej-polemika.sk\/?page_id=42#breadcrumb\"},\"inLanguage\":\"sk-SK\",\"potentialAction\":[{\"@type\":\"ReadAction\",\"target\":[\"https:\/\/www.hokej-polemika.sk\/?page_id=42\"]}]},{\"@type\":\"ImageObject\",\"inLanguage\":\"sk-SK\",\"@id\":\"https:\/\/www.hokej-polemika.sk\/?page_id=42#primaryimage\",\"url\":\"https:\/\/hokej-polemika.sk\/wp-content\/uploads\/2023\/05\/jg.png\",\"contentUrl\":\"https:\/\/hokej-polemika.sk\/wp-content\/uploads\/2023\/05\/jg.png\"},{\"@type\":\"BreadcrumbList\",\"@id\":\"https:\/\/www.hokej-polemika.sk\/?page_id=42#breadcrumb\",\"itemListElement\":[{\"@type\":\"ListItem\",\"position\":1,\"name\":\"Home\",\"item\":\"https:\/\/www.hokej-polemika.sk\/\"},{\"@type\":\"ListItem\",\"position\":2,\"name\":\"O autoroch\"}]},{\"@type\":\"WebSite\",\"@id\":\"https:\/\/www.hokej-polemika.sk\/#website\",\"url\":\"https:\/\/www.hokej-polemika.sk\/\",\"name\":\"Polemika o slovenskom hokeji\",\"description\":\"\",\"publisher\":{\"@id\":\"https:\/\/www.hokej-polemika.sk\/#organization\"},\"potentialAction\":[{\"@type\":\"SearchAction\",\"target\":{\"@type\":\"EntryPoint\",\"urlTemplate\":\"https:\/\/www.hokej-polemika.sk\/?s={search_term_string}\"},\"query-input\":{\"@type\":\"PropertyValueSpecification\",\"valueRequired\":true,\"valueName\":\"search_term_string\"}}],\"inLanguage\":\"sk-SK\"},{\"@type\":\"Organization\",\"@id\":\"https:\/\/www.hokej-polemika.sk\/#organization\",\"name\":\"Polemika o slovenskom hokeji\",\"url\":\"https:\/\/www.hokej-polemika.sk\/\",\"logo\":{\"@type\":\"ImageObject\",\"inLanguage\":\"sk-SK\",\"@id\":\"https:\/\/www.hokej-polemika.sk\/#\/schema\/logo\/image\/\",\"url\":\"https:\/\/www.hokej-polemika.sk\/wp-content\/uploads\/2023\/05\/logo.png\",\"contentUrl\":\"https:\/\/www.hokej-polemika.sk\/wp-content\/uploads\/2023\/05\/logo.png\",\"width\":3840,\"height\":2160,\"caption\":\"Polemika o slovenskom hokeji\"},\"image\":{\"@id\":\"https:\/\/www.hokej-polemika.sk\/#\/schema\/logo\/image\/\"}}]}<\/script>\n<!-- \/ Yoast SEO plugin. -->","yoast_head_json":{"title":"O autoroch - Polemika o slovenskom hokeji","robots":{"index":"index","follow":"follow","max-snippet":"max-snippet:-1","max-image-preview":"max-image-preview:large","max-video-preview":"max-video-preview:-1"},"canonical":"https:\/\/www.hokej-polemika.sk\/?page_id=42","og_locale":"sk_SK","og_type":"article","og_title":"O autoroch - Polemika o slovenskom hokeji","og_description":"J\u00e1n GOLIAN patr\u00ed do gener\u00e1cie, ktor\u00e1 od roku 1977 a\u017e do roku 1990 formovala v\u00fdvoj metodiky ml\u00e1de\u017en\u00edckeho hokeja na Slovensku a vtedaj\u0161om \u010ceskoslovensku. V spom\u00ednanej \u010dasovej peri\u00f3de pracoval v metodick\u00fdch komisi\u00e1ch obidvoch hokejov\u00fdch zv\u00e4zov, pri\u010dom v rokoch 1986-1990 bol aj \u010dlenom najvy\u0161\u0161\u00edch riadiacich org\u00e1nov, teda Predsedn\u00edctva VSLH \u00daV \u010cSTV v Prahe a P VZ\u013dH \u010cSZTV [&hellip;]","og_url":"https:\/\/www.hokej-polemika.sk\/?page_id=42","og_site_name":"Polemika o slovenskom hokeji","article_modified_time":"2025-09-03T20:18:58+00:00","og_image":[{"url":"https:\/\/hokej-polemika.sk\/wp-content\/uploads\/2023\/05\/jg.png","type":"","width":"","height":""}],"twitter_card":"summary_large_image","twitter_misc":{"Predpokladan\u00fd \u010das \u010d\u00edtania":"2 min\u00faty"},"schema":{"@context":"https:\/\/schema.org","@graph":[{"@type":"WebPage","@id":"https:\/\/www.hokej-polemika.sk\/?page_id=42","url":"https:\/\/www.hokej-polemika.sk\/?page_id=42","name":"O autoroch - Polemika o slovenskom hokeji","isPartOf":{"@id":"https:\/\/www.hokej-polemika.sk\/#website"},"primaryImageOfPage":{"@id":"https:\/\/www.hokej-polemika.sk\/?page_id=42#primaryimage"},"image":{"@id":"https:\/\/www.hokej-polemika.sk\/?page_id=42#primaryimage"},"thumbnailUrl":"https:\/\/hokej-polemika.sk\/wp-content\/uploads\/2023\/05\/jg.png","datePublished":"2025-09-03T19:55:05+00:00","dateModified":"2025-09-03T20:18:58+00:00","breadcrumb":{"@id":"https:\/\/www.hokej-polemika.sk\/?page_id=42#breadcrumb"},"inLanguage":"sk-SK","potentialAction":[{"@type":"ReadAction","target":["https:\/\/www.hokej-polemika.sk\/?page_id=42"]}]},{"@type":"ImageObject","inLanguage":"sk-SK","@id":"https:\/\/www.hokej-polemika.sk\/?page_id=42#primaryimage","url":"https:\/\/hokej-polemika.sk\/wp-content\/uploads\/2023\/05\/jg.png","contentUrl":"https:\/\/hokej-polemika.sk\/wp-content\/uploads\/2023\/05\/jg.png"},{"@type":"BreadcrumbList","@id":"https:\/\/www.hokej-polemika.sk\/?page_id=42#breadcrumb","itemListElement":[{"@type":"ListItem","position":1,"name":"Home","item":"https:\/\/www.hokej-polemika.sk\/"},{"@type":"ListItem","position":2,"name":"O autoroch"}]},{"@type":"WebSite","@id":"https:\/\/www.hokej-polemika.sk\/#website","url":"https:\/\/www.hokej-polemika.sk\/","name":"Polemika o slovenskom hokeji","description":"","publisher":{"@id":"https:\/\/www.hokej-polemika.sk\/#organization"},"potentialAction":[{"@type":"SearchAction","target":{"@type":"EntryPoint","urlTemplate":"https:\/\/www.hokej-polemika.sk\/?s={search_term_string}"},"query-input":{"@type":"PropertyValueSpecification","valueRequired":true,"valueName":"search_term_string"}}],"inLanguage":"sk-SK"},{"@type":"Organization","@id":"https:\/\/www.hokej-polemika.sk\/#organization","name":"Polemika o slovenskom hokeji","url":"https:\/\/www.hokej-polemika.sk\/","logo":{"@type":"ImageObject","inLanguage":"sk-SK","@id":"https:\/\/www.hokej-polemika.sk\/#\/schema\/logo\/image\/","url":"https:\/\/www.hokej-polemika.sk\/wp-content\/uploads\/2023\/05\/logo.png","contentUrl":"https:\/\/www.hokej-polemika.sk\/wp-content\/uploads\/2023\/05\/logo.png","width":3840,"height":2160,"caption":"Polemika o slovenskom hokeji"},"image":{"@id":"https:\/\/www.hokej-polemika.sk\/#\/schema\/logo\/image\/"}}]}},"jetpack_sharing_enabled":true,"_links":{"self":[{"href":"https:\/\/www.hokej-polemika.sk\/index.php?rest_route=\/wp\/v2\/pages\/42","targetHints":{"allow":["GET"]}}],"collection":[{"href":"https:\/\/www.hokej-polemika.sk\/index.php?rest_route=\/wp\/v2\/pages"}],"about":[{"href":"https:\/\/www.hokej-polemika.sk\/index.php?rest_route=\/wp\/v2\/types\/page"}],"author":[{"embeddable":true,"href":"https:\/\/www.hokej-polemika.sk\/index.php?rest_route=\/wp\/v2\/users\/1"}],"replies":[{"embeddable":true,"href":"https:\/\/www.hokej-polemika.sk\/index.php?rest_route=%2Fwp%2Fv2%2Fcomments&post=42"}],"version-history":[{"count":6,"href":"https:\/\/www.hokej-polemika.sk\/index.php?rest_route=\/wp\/v2\/pages\/42\/revisions"}],"predecessor-version":[{"id":148,"href":"https:\/\/www.hokej-polemika.sk\/index.php?rest_route=\/wp\/v2\/pages\/42\/revisions\/148"}],"wp:attachment":[{"href":"https:\/\/www.hokej-polemika.sk\/index.php?rest_route=%2Fwp%2Fv2%2Fmedia&parent=42"}],"curies":[{"name":"wp","href":"https:\/\/api.w.org\/{rel}","templated":true}]}}